{"id":2220,"date":"2021-04-09T16:39:31","date_gmt":"2021-04-09T19:39:31","guid":{"rendered":"https:\/\/isp60scc-sfe.infd.edu.ar\/sitio\/?page_id=2220"},"modified":"2026-02-18T09:13:30","modified_gmt":"2026-02-18T12:13:30","slug":"solicitudmesasespeciales","status":"publish","type":"page","link":"https:\/\/isp60scc-sfe.infd.edu.ar\/sitio\/solicitudmesasespeciales\/","title":{"rendered":"Solicitud Mesas Especiales"},"content":{"rendered":"\n<p class=\"has-medium-font-size\"><\/p>\n\n\n<h2 style=\"text-align: center;\">&nbsp;<\/h2>\n<pre><span style=\"color: #800000;\"><strong>Informaci\u00f3n a Tener en Cuenta<\/strong><\/span><\/pre>\n<h4><\/h4>\n\n<div class=\"wp-block-image\">\n<figure class=\"aligncenter size-full is-resized\"><img decoding=\"async\" loading=\"lazy\" src=\"https:\/\/isp60scc-sfe.infd.edu.ar\/sitio\/wp-content\/uploads\/2024\/04\/image.png\" alt=\"\" class=\"wp-image-5547\" width=\"591\" height=\"394\"\/><\/figure><\/div>\n\n<h4>Art.&nbsp;40: Mesa especial&nbsp;de examen ante Tribunal:<\/h4>\n<p>Todo estudiante tendr\u00e1 derecho a Mesa examinadora especial en los siguientes casos:<\/p>\n<p>1.&nbsp;&nbsp;&nbsp; Cuando adeudare hasta dos materias del \u00faltimo a\u00f1o de la carrera para finalizar sus estudios.<\/p>\n<p>2.&nbsp;&nbsp;&nbsp; Cuando, por razones de enfermedad, causa grave de \u00cdndole familiar, laboral u otros motivos debidamente justificados, fehacientemente comprobados en tiempo y en forma, no pudiera presentarse a rendir examen en la fecha y horario estipulado, hasta tres veces a lo largo de su carrera.<\/p>\n<p>3.&nbsp;&nbsp;&nbsp; Cuando caducaren los Planes de Estudio con los cuales curs\u00f3.<\/p>\n<p>4.&nbsp;&nbsp;&nbsp; Cuando se adeudare hasta dos unidades curriculares requeridas para cursar los talleres de docencia\/pr\u00e1cticas Profesionalizantes correspondientes correlativos.<\/p>\n<p><\/p>\n<hr>\n<p>Para solicitar una Mesa Especial se deber\u00e1 descargar la planilla de <a href=\"https:\/\/isp60scc-sfe.infd.edu.ar\/sitio\/wp-content\/uploads\/2025\/04\/NOTA-MESA-ESPECIAL-EDITABLE-2.pdf\">solicitud de Mesa Especial. <\/a><\/p>\n<p>Luego de completarla, entregarla en Secretar\u00eda.<\/p>\n<p><\/p>","protected":false},"excerpt":{"rendered":"<p>&nbsp; Informaci\u00f3n a Tener en Cuenta Art.&nbsp;40: Mesa especial&nbsp;de examen ante Tribunal: Todo estudiante tendr\u00e1 derecho a Mesa examinadora especial en los siguientes casos: 1.&nbsp;&nbsp;&nbsp; Cuando adeudare hasta dos materias del \u00faltimo a\u00f1o de la carrera para finalizar sus estudios. 2.&nbsp;&nbsp;&nbsp; Cuando, por razones de enfermedad, causa grave de \u00cdndole familiar, laboral u otros motivos &#8230; <a title=\"Solicitud Mesas Especiales\" class=\"read-more\" href=\"https:\/\/isp60scc-sfe.infd.edu.ar\/sitio\/solicitudmesasespeciales\/\" aria-label=\"More on Solicitud Mesas Especiales\">[+]<\/a><\/p>\n","protected":false},"author":12,"featured_media":5803,"parent":0,"menu_order":0,"comment_status":"closed","ping_status":"closed","template":"","meta":[],"acf":[],"_links":{"self":[{"href":"https:\/\/isp60scc-sfe.infd.edu.ar\/sitio\/wp-json\/wp\/v2\/pages\/2220"}],"collection":[{"href":"https:\/\/isp60scc-sfe.infd.edu.ar\/sitio\/wp-json\/wp\/v2\/pages"}],"about":[{"href":"https:\/\/isp60scc-sfe.infd.edu.ar\/sitio\/wp-json\/wp\/v2\/types\/page"}],"author":[{"embeddable":true,"href":"https:\/\/isp60scc-sfe.infd.edu.ar\/sitio\/wp-json\/wp\/v2\/users\/12"}],"replies":[{"embeddable":true,"href":"https:\/\/isp60scc-sfe.infd.edu.ar\/sitio\/wp-json\/wp\/v2\/comments?post=2220"}],"version-history":[{"count":17,"href":"https:\/\/isp60scc-sfe.infd.edu.ar\/sitio\/wp-json\/wp\/v2\/pages\/2220\/revisions"}],"predecessor-version":[{"id":7223,"href":"https:\/\/isp60scc-sfe.infd.edu.ar\/sitio\/wp-json\/wp\/v2\/pages\/2220\/revisions\/7223"}],"wp:featuredmedia":[{"embeddable":true,"href":"https:\/\/isp60scc-sfe.infd.edu.ar\/sitio\/wp-json\/wp\/v2\/media\/5803"}],"wp:attachment":[{"href":"https:\/\/isp60scc-sfe.infd.edu.ar\/sitio\/wp-json\/wp\/v2\/media?parent=2220"}],"curies":[{"name":"wp","href":"https:\/\/api.w.org\/{rel}","templated":true}]}}