{"id":2446,"date":"2021-06-14T09:41:55","date_gmt":"2021-06-14T12:41:55","guid":{"rendered":"https:\/\/isp60scc-sfe.infd.edu.ar\/sitio\/?page_id=2446"},"modified":"2022-06-13T11:02:17","modified_gmt":"2022-06-13T14:02:17","slug":"correlatividades-4","status":"publish","type":"page","link":"https:\/\/isp60scc-sfe.infd.edu.ar\/sitio\/correlatividades-4\/","title":{"rendered":"Correlatividades Profesorado Inicial"},"content":{"rendered":"<h1><span style=\"color: #000080;\">R\u00e9gimen de correlatividades &#8211; Profesorado en Educ. Inicial<\/span><\/h1>\n<h3>Campo de la Formaci\u00f3n General y Campo de la Formaci\u00f3n Espec\u00edfica<\/h3>\n<h4>Para poder rendir las unidades curriculares se\u00f1aladas a continuaci\u00f3n, deber\u00e1n tener aprobada la correlativa establecida.<\/h4>\n<p>&nbsp;<\/p>\n<table>\n<tbody>\n<tr>\n<td width=\"255\">\n<h3 style=\"text-align: center;\"><strong>UNIDAD CURRICULAR<\/strong><\/h3>\n<\/td>\n<td width=\"362\">\n<h3 style=\"text-align: center;\"><strong>CORRELATIVA<\/strong><\/h3>\n<\/td>\n<\/tr>\n<tr>\n<td width=\"255\"><span style=\"color: #000080;\"><strong>SEGUNDO A\u00d1O<\/strong><\/span><\/td>\n<td width=\"362\"><\/td>\n<\/tr>\n<tr>\n<td width=\"255\">Did\u00e1ctica General<\/td>\n<td width=\"362\">Pedagog\u00eda &nbsp;\/ Psicolog\u00eda y Educaci\u00f3n<\/td>\n<\/tr>\n<tr>\n<td width=\"255\">Movimiento y Cuerpo II<\/td>\n<td width=\"362\">Movimiento y Cuerpo I<\/td>\n<\/tr>\n<tr>\n<td width=\"255\">Matem\u00e1tica y su Did\u00e1ctica I<\/td>\n<td width=\"362\">Resoluci\u00f3n de Problemas y Creatividad<\/td>\n<\/tr>\n<tr>\n<td width=\"255\">Ciencias Naturales y su Did\u00e1ctica<\/td>\n<td width=\"362\">Ambiente y Sociedad<\/td>\n<\/tr>\n<tr>\n<td width=\"255\">Literatura y su Did\u00e1ctica<\/td>\n<td width=\"362\">Comunicaci\u00f3n y Expresi\u00f3n Oral y Escrita<\/td>\n<\/tr>\n<tr>\n<td width=\"255\">Sujetos de la Educaci\u00f3n Inicial<\/td>\n<td width=\"362\">Psicolog\u00eda y Educaci\u00f3n<\/td>\n<\/tr>\n<tr>\n<td width=\"255\">Did\u00e1ctica de la Educaci\u00f3n Inicial<\/td>\n<td width=\"362\">Pedagog\u00eda &nbsp;\/ Psicolog\u00eda y Educaci\u00f3n<\/td>\n<\/tr>\n<tr>\n<td width=\"255\"><span style=\"color: #000080;\"><strong>TERCER A\u00d1O<\/strong><\/span><\/td>\n<td width=\"362\"><\/td>\n<\/tr>\n<tr>\n<td width=\"255\">Historia Social de la Educaci\u00f3n y Pol\u00edtica Educativa Argentina<\/td>\n<td width=\"362\">Historia Argentina y Latinoamericana \/&nbsp;&nbsp;&nbsp;&nbsp;&nbsp;&nbsp;&nbsp;&nbsp;&nbsp;&nbsp;&nbsp; Sociolog\u00eda de la Educaci\u00f3n<\/td>\n<\/tr>\n<tr>\n<td width=\"255\">Lengua y su Did\u00e1ctica<\/td>\n<td width=\"362\">Literatura y su Did\u00e1ctica &nbsp;&nbsp;&nbsp;\/ &nbsp;Did\u00e1ctica General<\/td>\n<\/tr>\n<tr>\n<td width=\"255\">Matem\u00e1tica y su Did\u00e1ctica II<\/td>\n<td width=\"362\">Matem\u00e1tica y su Did\u00e1ctica I&nbsp; \/&nbsp; Did\u00e1ctica General<\/td>\n<\/tr>\n<tr>\n<td width=\"255\">Alfabetizaci\u00f3n Inicial<\/td>\n<td width=\"362\">Literatura y su Did\u00e1ctica &nbsp;&nbsp;\/ &nbsp;Did\u00e1ctica General<\/td>\n<\/tr>\n<tr>\n<td width=\"255\">Ciencias Sociales y su Did\u00e1ctica<\/td>\n<td width=\"362\">Ambiente y Sociedad &nbsp;&nbsp;\/ &nbsp;&nbsp;Did\u00e1ctica General<\/td>\n<\/tr>\n<tr>\n<td width=\"255\">\u00c1rea Est\u00e9tico Expresiva II<\/td>\n<td width=\"362\">\u00c1rea Est\u00e9tico Expresiva I<\/td>\n<\/tr>\n<tr>\n<td width=\"255\">Problem\u00e1ticas Contempor\u00e1neas de la Educaci\u00f3n Inicial II<\/td>\n<td width=\"362\">Problem\u00e1ticas Contempor\u00e1neas de la Educaci\u00f3n Inicial &nbsp;I<\/td>\n<\/tr>\n<tr>\n<td width=\"255\">Did\u00e1ctica en la educaci\u00f3n Inicial II<\/td>\n<td width=\"362\">Did\u00e1ctica de la Educaci\u00f3n Inicial &nbsp;&nbsp;&nbsp;&nbsp;\/ &nbsp;&nbsp;&nbsp;Did\u00e1ctica General<\/td>\n<\/tr>\n<tr>\n<td width=\"255\"><span style=\"color: #000080;\"><strong>CUARTO A\u00d1O<\/strong><\/span><\/td>\n<td width=\"362\"><\/td>\n<\/tr>\n<tr>\n<td width=\"255\">\u00c9tica, Trabajo Docente, Derechos Humanos y Ciudadan\u00eda<\/td>\n<td width=\"362\">Filosof\u00eda de la Educaci\u00f3n \/ &nbsp;&nbsp;Conocimiento y Educaci\u00f3n &nbsp;\/ Historia Social de la Educaci\u00f3n y Pol\u00edtica&nbsp;Educativa Argentina<\/td>\n<\/tr>\n<\/tbody>\n<\/table>\n<p>&nbsp;<\/p>\n<h3>Campo de la Pr\u00e1ctica Profesional<\/h3>\n<h4>Para poder <u>cursar<\/u> los Talleres de la Pr\u00e1ctica II, III y IV, deber\u00e1n cumplir con las correlatividades establecidas a continuaci\u00f3n.<\/h4>\n<p>&nbsp;<\/p>\n<table width=\"633\">\n<tbody>\n<tr>\n<td width=\"152\">\n<h3>UNIDAD CURRICULAR<\/h3>\n<\/td>\n<td width=\"481\">\n<h3>CORRELATIVA<\/h3>\n<\/td>\n<\/tr>\n<tr>\n<td width=\"152\"><span style=\"color: #000080;\"><strong>SEGUNDO A\u00d1O<\/strong><\/span><\/td>\n<td width=\"481\"><\/td>\n<\/tr>\n<tr>\n<td width=\"152\">TALLER DE PR\u00c1CTICA II<\/td>\n<td width=\"481\"><strong>Aprobada:<\/strong><br \/>\nTaller de Pr\u00e1ctica IAl menos tres de los talleres de 1\u00ba a\u00f1o del Campo de la Formaci\u00f3n Espec\u00edfica.<br \/>\n<strong>Regularizada:<\/strong> &nbsp;&nbsp;Pedagog\u00eda \/&nbsp;&nbsp;&nbsp;&nbsp;Psicolog\u00eda y Educaci\u00f3n<\/td>\n<\/tr>\n<tr>\n<td width=\"152\"><span style=\"color: #000080;\"><strong>TERCER A\u00d1O<\/strong><\/span><\/td>\n<td width=\"481\"><\/td>\n<\/tr>\n<tr>\n<td width=\"152\">TALLER DE PR\u00c1CTICA III<\/td>\n<td width=\"481\"><strong>Aprobada:<\/strong><br \/>\nTodas las unidades curriculares de los tres campos de Primer a\u00f1o.Taller de Pr\u00e1ctica II.<strong>Regularizada: <\/strong><br \/>\nDid\u00e1ctica General \/ Matem\u00e1tica y su Did\u00e1ctica &nbsp;I &nbsp;\/ Literatura &nbsp;&nbsp;y su Did\u00e1ctica Conocimiento y Educaci\u00f3n&nbsp; \/&nbsp; Cs Naturales y su Did\u00e1ctica &nbsp;\/&nbsp;&nbsp;&nbsp;Sujetos de la Educaci\u00f3n &nbsp;Inicial &nbsp;&nbsp;\/&nbsp; Did\u00e1ctica de la Educaci\u00f3n &nbsp;Inicial<\/td>\n<\/tr>\n<tr>\n<td width=\"152\"><span style=\"color: #000080;\"><strong>CUARTO A\u00d1O<\/strong><\/span><\/td>\n<td width=\"481\"><\/td>\n<\/tr>\n<tr>\n<td width=\"152\">TALLER DE PR\u00c1CTICA IV Y ATENEO<\/td>\n<td width=\"481\"><strong>Aprobada:<\/strong><br \/>\nTodas las unidades curriculares de los tres campos de Segundo a\u00f1o.<br \/>\nTaller de Pr\u00e1ctica III.\u00c1rea Est\u00e9tica Expresiva II<strong>Regularizada: <\/strong>Matem\u00e1tica y su Did\u00e1ctica II \/ &nbsp;Cs Sociales y su Did\u00e1ctica \/ Lengua y su Did\u00e1ctica \/ TIC\/ Problem\u00e1ticas Contempor\u00e1neas del Nivel &nbsp;II &nbsp;\/ &nbsp;Alfabetizaci\u00f3n Inicial<\/td>\n<\/tr>\n<\/tbody>\n<\/table>\n<p>&nbsp;<\/p>\n<h4>Los Espacios de Definici\u00f3n Institucional I y II (EDI), el Seminario de Sexualidad Humana y Educaci\u00f3n y los espacios electivos de los Itinerarios por el Mundo de la Cultura no tienen establecidas correlatividades.<\/h4>\n","protected":false},"excerpt":{"rendered":"<p>R\u00e9gimen de correlatividades &#8211; Profesorado en Educ. Inicial Campo de la Formaci\u00f3n General y Campo de la Formaci\u00f3n Espec\u00edfica Para poder rendir las unidades curriculares se\u00f1aladas a continuaci\u00f3n, deber\u00e1n tener aprobada la correlativa establecida. &nbsp; UNIDAD CURRICULAR CORRELATIVA SEGUNDO A\u00d1O Did\u00e1ctica General Pedagog\u00eda &nbsp;\/ Psicolog\u00eda y Educaci\u00f3n Movimiento y Cuerpo II Movimiento y Cuerpo I &#8230; <a title=\"Correlatividades Profesorado Inicial\" class=\"read-more\" href=\"https:\/\/isp60scc-sfe.infd.edu.ar\/sitio\/correlatividades-4\/\" aria-label=\"More on Correlatividades Profesorado Inicial\">[+]<\/a><\/p>\n","protected":false},"author":12,"featured_media":0,"parent":0,"menu_order":0,"comment_status":"closed","ping_status":"closed","template":"","meta":[],"acf":[],"_links":{"self":[{"href":"https:\/\/isp60scc-sfe.infd.edu.ar\/sitio\/wp-json\/wp\/v2\/pages\/2446"}],"collection":[{"href":"https:\/\/isp60scc-sfe.infd.edu.ar\/sitio\/wp-json\/wp\/v2\/pages"}],"about":[{"href":"https:\/\/isp60scc-sfe.infd.edu.ar\/sitio\/wp-json\/wp\/v2\/types\/page"}],"author":[{"embeddable":true,"href":"https:\/\/isp60scc-sfe.infd.edu.ar\/sitio\/wp-json\/wp\/v2\/users\/12"}],"replies":[{"embeddable":true,"href":"https:\/\/isp60scc-sfe.infd.edu.ar\/sitio\/wp-json\/wp\/v2\/comments?post=2446"}],"version-history":[{"count":6,"href":"https:\/\/isp60scc-sfe.infd.edu.ar\/sitio\/wp-json\/wp\/v2\/pages\/2446\/revisions"}],"predecessor-version":[{"id":3995,"href":"https:\/\/isp60scc-sfe.infd.edu.ar\/sitio\/wp-json\/wp\/v2\/pages\/2446\/revisions\/3995"}],"wp:attachment":[{"href":"https:\/\/isp60scc-sfe.infd.edu.ar\/sitio\/wp-json\/wp\/v2\/media?parent=2446"}],"curies":[{"name":"wp","href":"https:\/\/api.w.org\/{rel}","templated":true}]}}