{"id":7280,"date":"2026-03-17T18:40:33","date_gmt":"2026-03-17T21:40:33","guid":{"rendered":"https:\/\/isp60scc-sfe.infd.edu.ar\/sitio\/?page_id=7280"},"modified":"2026-03-17T18:40:35","modified_gmt":"2026-03-17T21:40:35","slug":"lineas-de-trabajo-institucional","status":"publish","type":"page","link":"https:\/\/isp60scc-sfe.infd.edu.ar\/sitio\/lineas-de-trabajo-institucional\/","title":{"rendered":"L\u00edneas de Trabajo Institucional"},"content":{"rendered":"\n<p class=\"has-medium-font-size\">Las l\u00edneas de trabajo institucional organizan las acciones pedag\u00f3gicas, formativas y de vinculaci\u00f3n con la comunidad que se desarrollan en el Instituto, promoviendo el acompa\u00f1amiento de las trayectorias estudiantiles, la articulaci\u00f3n entre c\u00e1tedras y la formaci\u00f3n continua de docentes y estudiantes.<\/p>\n\n\n\n<figure class=\"wp-block-table aligncenter is-style-stripes\"><table class=\"has-contrast-color has-text-color\"><tbody><tr><td class=\"has-text-align-center\" data-align=\"center\">&#x1f393;<strong>Acompa\u00f1amiento a las Trayectorias<\/strong><\/td><td class=\"has-text-align-center\" data-align=\"center\">&#x1f68c;<strong>Salidas Educativas<\/strong><\/td><td>&#x1f469;&#x200d;&#x1f3eb;<strong>Ciclo de Formaci\u00f3n Docente y T\u00e9cnica<\/strong><\/td><\/tr><tr><td class=\"has-text-align-center\" data-align=\"center\"><img decoding=\"async\" loading=\"lazy\" width=\"589\" height=\"320\" class=\"wp-image-7312\" style=\"width: 300px;\" src=\"https:\/\/isp60scc-sfe.infd.edu.ar\/sitio\/wp-content\/uploads\/2026\/03\/Acompanamiento-Trayectoria.png\" alt=\"\"><\/td><td class=\"has-text-align-center\" data-align=\"center\"><img decoding=\"async\" loading=\"lazy\" width=\"295\" height=\"287\" class=\"wp-image-7314\" style=\"width: 250px;\" src=\"https:\/\/isp60scc-sfe.infd.edu.ar\/sitio\/wp-content\/uploads\/2026\/03\/Salidas-Educativas.png\" alt=\"\"><\/td><td><\/td><\/tr><tr><td class=\"has-text-align-center\" data-align=\"center\">Espacios y acciones institucionales orientados a fortalecer el recorrido acad\u00e9mico de los estudiantes, favoreciendo la permanencia, el acompa\u00f1amiento pedag\u00f3gico y la construcci\u00f3n de trayectorias formativas significativas.<\/td><td class=\"has-text-align-center\" data-align=\"center\">Propuestas de aprendizaje fuera del aula que permiten vincular los contenidos de las carreras con experiencias formativas en distintos \u00e1mbitos sociales, culturales y profesionales.<\/td><td>Espacios de intercambio, reflexi\u00f3n y actualizaci\u00f3n destinados a docentes y estudiantes, que promueven el di\u00e1logo con profesionales, egresados y referentes de las distintas disciplinas.<\/td><\/tr><\/tbody><\/table><\/figure>\n","protected":false},"excerpt":{"rendered":"<p>Las l\u00edneas de trabajo institucional organizan las acciones pedag\u00f3gicas, formativas y de vinculaci\u00f3n con la comunidad que se desarrollan en el Instituto, promoviendo el acompa\u00f1amiento de las trayectorias estudiantiles, la articulaci\u00f3n entre c\u00e1tedras y la formaci\u00f3n continua de docentes y estudiantes. &#x1f393;Acompa\u00f1amiento a las Trayectorias &#x1f68c;Salidas Educativas &#x1f469;&#x200d;&#x1f3eb;Ciclo de Formaci\u00f3n Docente y T\u00e9cnica Espacios y &#8230; <a title=\"L\u00edneas de Trabajo Institucional\" class=\"read-more\" href=\"https:\/\/isp60scc-sfe.infd.edu.ar\/sitio\/lineas-de-trabajo-institucional\/\" aria-label=\"More on L\u00edneas de Trabajo Institucional\">[+]<\/a><\/p>\n","protected":false},"author":12,"featured_media":7300,"parent":0,"menu_order":0,"comment_status":"closed","ping_status":"closed","template":"","meta":[],"acf":[],"_links":{"self":[{"href":"https:\/\/isp60scc-sfe.infd.edu.ar\/sitio\/wp-json\/wp\/v2\/pages\/7280"}],"collection":[{"href":"https:\/\/isp60scc-sfe.infd.edu.ar\/sitio\/wp-json\/wp\/v2\/pages"}],"about":[{"href":"https:\/\/isp60scc-sfe.infd.edu.ar\/sitio\/wp-json\/wp\/v2\/types\/page"}],"author":[{"embeddable":true,"href":"https:\/\/isp60scc-sfe.infd.edu.ar\/sitio\/wp-json\/wp\/v2\/users\/12"}],"replies":[{"embeddable":true,"href":"https:\/\/isp60scc-sfe.infd.edu.ar\/sitio\/wp-json\/wp\/v2\/comments?post=7280"}],"version-history":[{"count":8,"href":"https:\/\/isp60scc-sfe.infd.edu.ar\/sitio\/wp-json\/wp\/v2\/pages\/7280\/revisions"}],"predecessor-version":[{"id":7315,"href":"https:\/\/isp60scc-sfe.infd.edu.ar\/sitio\/wp-json\/wp\/v2\/pages\/7280\/revisions\/7315"}],"wp:featuredmedia":[{"embeddable":true,"href":"https:\/\/isp60scc-sfe.infd.edu.ar\/sitio\/wp-json\/wp\/v2\/media\/7300"}],"wp:attachment":[{"href":"https:\/\/isp60scc-sfe.infd.edu.ar\/sitio\/wp-json\/wp\/v2\/media?parent=7280"}],"curies":[{"name":"wp","href":"https:\/\/api.w.org\/{rel}","templated":true}]}}