{"id":729,"date":"2018-06-28T02:04:56","date_gmt":"2018-06-28T05:04:56","guid":{"rendered":"https:\/\/isp60scc-sfe.infd.edu.ar\/sitio\/informacion-para-alumnos\/"},"modified":"2025-06-04T18:12:33","modified_gmt":"2025-06-04T21:12:33","slug":"informacion-para-alumnos","status":"publish","type":"page","link":"https:\/\/isp60scc-sfe.infd.edu.ar\/sitio\/informacion-para-alumnos\/","title":{"rendered":"Estudiantes"},"content":{"rendered":"<p>Esta secci\u00f3n del sitio est\u00e1 destinada a ustedes, aqu\u00ed encontraran informaci\u00f3n actualizada sobre fecha de ex\u00e1menes, formularios que deben entregar dependiendo la \u00e9poca del a\u00f1o, etc.<\/p>\n<hr \/>\n<h2><b>Carreras que se dictan en el ISP 60<\/b><\/h2>\n<ul>\n<li>Profesorado de <b>Educaci\u00f3n Inicial<\/b><\/li>\n<li>Profesorado de <b>Educaci\u00f3n Primaria<\/b><\/li>\n<li>Profesorado de <b>Educaci\u00f3n Secundaria en Biolog\u00eda<\/b><\/li>\n<li>Profesorado de <b>Educaci\u00f3n Secundaria en Historia<\/b><\/li>\n<li>Profesorado de <b>Educaci\u00f3n Secundaria en Lengua y Literatura<\/b><\/li>\n<li>T\u00e9cnico Superior en <b>Gesti\u00f3n de las Organizaciones\u00a0<\/b><\/li>\n<\/ul>\n<h3><\/h3>\n<h3><b>Documentaci\u00f3n requerida para la inscripci\u00f3n:<\/b><\/h3>\n<ul>\n<li>DNI (Fotocopia del DNI)<\/li>\n<li>T\u00edtulo de Nivel Medio \u2013 (Fotocopia legalizada)<\/li>\n<li>Certificado de Salud (extendido por organismo oficial o m\u00e9dico particular c\/estampillado)<\/li>\n<li>2 fotos 4\u00d74 tipo carnet actualizada.<\/li>\n<li>Certificado de aptitud Psicol\u00f3gica.<\/li>\n<li>Certificado de Vecindad.<\/li>\n<\/ul>\n<hr \/>\n<pre><span style=\"color: #333399;\"><b>Para Consultas Generales <\/b><\/span><\/pre>\n<p style=\"text-align: center;\"><b>instpscc60@gmail.com<\/b><\/p>\n<pre><span style=\"color: #990000; font-family: Georgia, Arial; font-size: 100%;\">\u00a0<\/span><\/pre>\n<h2><\/h2>\n","protected":false},"excerpt":{"rendered":"<p>Esta secci\u00f3n del sitio est\u00e1 destinada a ustedes, aqu\u00ed encontraran informaci\u00f3n actualizada sobre fecha de ex\u00e1menes, formularios que deben entregar dependiendo la \u00e9poca del a\u00f1o, etc. Carreras que se dictan en el ISP 60 Profesorado de Educaci\u00f3n Inicial Profesorado de Educaci\u00f3n Primaria Profesorado de Educaci\u00f3n Secundaria en Biolog\u00eda Profesorado de Educaci\u00f3n Secundaria en Historia Profesorado &#8230; <a title=\"Estudiantes\" class=\"read-more\" href=\"https:\/\/isp60scc-sfe.infd.edu.ar\/sitio\/informacion-para-alumnos\/\" aria-label=\"More on Estudiantes\">[+]<\/a><\/p>\n","protected":false},"author":12,"featured_media":5795,"parent":0,"menu_order":0,"comment_status":"closed","ping_status":"closed","template":"","meta":[],"acf":[],"_links":{"self":[{"href":"https:\/\/isp60scc-sfe.infd.edu.ar\/sitio\/wp-json\/wp\/v2\/pages\/729"}],"collection":[{"href":"https:\/\/isp60scc-sfe.infd.edu.ar\/sitio\/wp-json\/wp\/v2\/pages"}],"about":[{"href":"https:\/\/isp60scc-sfe.infd.edu.ar\/sitio\/wp-json\/wp\/v2\/types\/page"}],"author":[{"embeddable":true,"href":"https:\/\/isp60scc-sfe.infd.edu.ar\/sitio\/wp-json\/wp\/v2\/users\/12"}],"replies":[{"embeddable":true,"href":"https:\/\/isp60scc-sfe.infd.edu.ar\/sitio\/wp-json\/wp\/v2\/comments?post=729"}],"version-history":[{"count":28,"href":"https:\/\/isp60scc-sfe.infd.edu.ar\/sitio\/wp-json\/wp\/v2\/pages\/729\/revisions"}],"predecessor-version":[{"id":6875,"href":"https:\/\/isp60scc-sfe.infd.edu.ar\/sitio\/wp-json\/wp\/v2\/pages\/729\/revisions\/6875"}],"wp:featuredmedia":[{"embeddable":true,"href":"https:\/\/isp60scc-sfe.infd.edu.ar\/sitio\/wp-json\/wp\/v2\/media\/5795"}],"wp:attachment":[{"href":"https:\/\/isp60scc-sfe.infd.edu.ar\/sitio\/wp-json\/wp\/v2\/media?parent=729"}],"curies":[{"name":"wp","href":"https:\/\/api.w.org\/{rel}","templated":true}]}}