{"id":733,"date":"2018-06-28T02:04:57","date_gmt":"2018-06-28T05:04:57","guid":{"rendered":"https:\/\/isp60scc-sfe.infd.edu.ar\/sitio\/capacitacion\/"},"modified":"2024-08-08T15:48:52","modified_gmt":"2024-08-08T18:48:52","slug":"capacitacion","status":"publish","type":"page","link":"https:\/\/isp60scc-sfe.infd.edu.ar\/sitio\/capacitacion\/","title":{"rendered":"Capacitaci\u00f3n"},"content":{"rendered":"<h2 style=\"text-align: center;\"><span style=\"color: #333399;\">\u201cRecuperaci\u00f3n de experiencias did\u00e1cticas y conocimientos cient\u00edficos para producir material did\u00e1ctico\u201d<\/span><\/h2>\n<h5 style=\"text-align: justify;\">El nivel superior se caracteriza por la formaci\u00f3n de profesionales de la educaci\u00f3n brindando como oferta\u00a0educativa la formaci\u00f3n de profesores de los distintos niveles de educaci\u00f3n. La carrera docente no solo se\u00a0focaliza en la ense\u00f1anza sino que en el nivel superior puede orientarse a la producci\u00f3n del conocimiento,<br \/>\nsobre todo el did\u00e1ctico. En este sentido la coordinaci\u00f3n de investigaci\u00f3n y capacitaci\u00f3n, no solo se ocupa\u00a0de comunicar publicaciones y ofertas acad\u00e9micas que puedan afianzar el crecimiento personal y\u00a0profesional, debe ocuparse tambi\u00e9n de promover la construcci\u00f3n de conocimiento al interior del instituto y\u00a0fortalecer la trayectoria institucional. El ISP 60 cuenta con una base importante tanto de docentes,\u00a0t\u00e9cnicos y estudiantes como de infraestructura e insumos para vincularse en este sentido. Por eso, la\u00a0recuperaci\u00f3n de experiencias did\u00e1cticas de nuestros profesores y estudiantes de cursos avanzados y el\u00a0conocimiento cient\u00edfico disponible en esta era de la informaci\u00f3n, resultan esenciales para la producci\u00f3n\u00a0de material did\u00e1ctico con el objeto de fortalecer el desarrollo profesional y generar espacios reflexivos en\u00a0la instituci\u00f3n.<\/h5>\n<h5 style=\"text-align: justify;\">El Instituto&#8230;\u00a0dise\u00f1a y desarrolla acciones formativas destinadas a\u00a0docentes, gratuitas, acordes a los requerimientos de la transformaci\u00f3n curricular e institucional.<\/h5>\n<h5 style=\"text-align: justify;\">La investigaci\u00f3n educativa permite la exploraci\u00f3n met\u00f3dica de los problemas de la pr\u00e1ctica pedag\u00f3gica, aumentando el conocimiento, validando las afirmaciones e introduciendo racionalidad en dichas pr\u00e1cticas, en la medida en que proporciona nuevas perspectivas y categor\u00edas de an\u00e1lisis que inducen a una actitud reflexiva y cr\u00edtica en relaci\u00f3n con los procesos educativos. Es tambi\u00e9n una de las v\u00edas para la transformaci\u00f3n permanente de las situaciones de ense\u00f1anza, puesto que provee de marcos te\u00f3ricos que encuadran el dise\u00f1o de proyectos innovadores, y permite evaluar con una metodolog\u00eda rigurosa sus resultados e impacto.<\/h5>\n<hr \/>\n<h2>Acciones formativas:<span id=\"m_8307686623202107904yui_3_16_0_ym19_1_1477677176283_10791\"><\/span><\/h2>\n<h5>Amsafe Las Colonias junto a\u00a0 ISP 60 establecieron un <a href=\"https:\/\/isp60scc-sfe.infd.edu.ar\/sitio\/wp-content\/uploads\/2023\/09\/CONVENIO-INSTITUTO-60-Amsafe.pdf\">convenio de capacitaci\u00f3n<\/a>: \u00abINCLUSI\u00d3N ESCOLAR: Entornos facilitadores para aprender\u00bb, el mismo se compone de <a href=\"https:\/\/isp60scc-sfe.infd.edu.ar\/sitio\/wp-content\/uploads\/2023\/09\/INCLUSION-ESCOLAR-AMSAFE-ISP-60-1.pdf\">cuatro m\u00f3dulos<\/a> que corresponden a un m\u00f3dulo por encuentro mensual.<\/h5>\n<h5>Ya desarrollaron tres\u00a0 encuentros sobre la inclusi\u00f3n escolar, el primer encuentro se centr\u00f3 en los \u00abEntornos facilitadores para aprender\u00bb,\u00a0 el segundo sobre \u00abEl pasaje de las emociones\u00bb y el tercero: \u00ab<span class=\"OYPEnA text-decoration-none text-strikethrough-none\">\u201cUn Entorno Amigable, otra mirada, otra escuela\u201d.<\/span><\/h5>\n<p><img decoding=\"async\" loading=\"lazy\" class=\"wp-image-5006 aligncenter\" src=\"https:\/\/isp60scc-sfe.infd.edu.ar\/sitio\/wp-content\/uploads\/2023\/09\/Amsafe-1-1000x1000.png\" alt=\"\" width=\"695\" height=\"695\" srcset=\"https:\/\/isp60scc-sfe.infd.edu.ar\/sitio\/wp-content\/uploads\/2023\/09\/Amsafe-1-1000x1000.png 1000w, https:\/\/isp60scc-sfe.infd.edu.ar\/sitio\/wp-content\/uploads\/2023\/09\/Amsafe-1-500x500.png 500w, https:\/\/isp60scc-sfe.infd.edu.ar\/sitio\/wp-content\/uploads\/2023\/09\/Amsafe-1-768x768.png 768w, https:\/\/isp60scc-sfe.infd.edu.ar\/sitio\/wp-content\/uploads\/2023\/09\/Amsafe-1.png 1080w\" sizes=\"(max-width: 695px) 100vw, 695px\" \/><\/p>\n<h5><\/h5>\n<h5><img decoding=\"async\" loading=\"lazy\" class=\"wp-image-4794 aligncenter\" src=\"https:\/\/isp60scc-sfe.infd.edu.ar\/sitio\/wp-content\/uploads\/2023\/08\/2Encuentro_Amsafe-1000x1000.png\" alt=\"\" width=\"707\" height=\"707\" srcset=\"https:\/\/isp60scc-sfe.infd.edu.ar\/sitio\/wp-content\/uploads\/2023\/08\/2Encuentro_Amsafe-1000x1000.png 1000w, https:\/\/isp60scc-sfe.infd.edu.ar\/sitio\/wp-content\/uploads\/2023\/08\/2Encuentro_Amsafe-500x500.png 500w, https:\/\/isp60scc-sfe.infd.edu.ar\/sitio\/wp-content\/uploads\/2023\/08\/2Encuentro_Amsafe-768x768.png 768w, https:\/\/isp60scc-sfe.infd.edu.ar\/sitio\/wp-content\/uploads\/2023\/08\/2Encuentro_Amsafe.png 1080w\" sizes=\"(max-width: 707px) 100vw, 707px\" \/><\/h5>\n<h5><\/h5>\n<h5 style=\"text-align: justify;\"><img decoding=\"async\" loading=\"lazy\" class=\"wp-image-5037 aligncenter\" src=\"https:\/\/isp60scc-sfe.infd.edu.ar\/sitio\/wp-content\/uploads\/2023\/09\/image-8-1000x1000.png\" alt=\"\" width=\"694\" height=\"694\" srcset=\"https:\/\/isp60scc-sfe.infd.edu.ar\/sitio\/wp-content\/uploads\/2023\/09\/image-8-1000x1000.png 1000w, https:\/\/isp60scc-sfe.infd.edu.ar\/sitio\/wp-content\/uploads\/2023\/09\/image-8-500x500.png 500w, https:\/\/isp60scc-sfe.infd.edu.ar\/sitio\/wp-content\/uploads\/2023\/09\/image-8-768x768.png 768w, https:\/\/isp60scc-sfe.infd.edu.ar\/sitio\/wp-content\/uploads\/2023\/09\/image-8.png 1080w\" sizes=\"(max-width: 694px) 100vw, 694px\" \/><\/h5>\n<h2><\/h2>\n<hr \/>\n<h2><\/h2>\n<h2 style=\"text-align: center;\"><span style=\"color: #333399;\">Caf\u00e9 Pedag\u00f3gico\u00a0<\/span><\/h2>\n<h5><img decoding=\"async\" loading=\"lazy\" class=\"alignright\" src=\"https:\/\/isp60scc-sfe.infd.edu.ar\/sitio\/wp-content\/uploads\/2018\/06\/cafe.jpg\" alt=\"Cafe\" width=\"344\" height=\"344\" \/><\/h5>\n<h5 style=\"text-align: justify;\">El caf\u00e9, como lugar de encuentro para la palabra, como excusa, funcion\u00f3 como un nuevo espacio donde adem\u00e1s de dialogar, aprender con otros. Estuvieron presentes alumnos y profesores del instituto y docentes de distintos niveles y localidades vecinas, as\u00ed como tambi\u00e9n los asistentes escolares de nuestra instituci\u00f3n.<\/h5>\n<h5 style=\"text-align: justify;\">La intenci\u00f3n de dicha din\u00e1mica consisti\u00f3 en abrir el juego a la reflexi\u00f3n disentida, a la comunicaci\u00f3n cercana que permite percibir gestos, miradas, silencios de con quien compartimos la mesa.<\/h5>\n<h5>Puede observar un breve recorrido por las ediciones del <a href=\"https:\/\/isp60scc-sfe.infd.edu.ar\/sitio\/cafe-pedagogico\/\">Caf\u00e9 Pedag\u00f3gico<\/a>.<\/h5>\n<h2><\/h2>\n<h2><\/h2>\n<hr \/>\n<h2><\/h2>\n<h2 style=\"text-align: center;\"><span style=\"color: #333399;\">Jornada de Alfabetizaci\u00f3n Acad\u00e9mica\u00a0 \u00a0<\/span><\/h2>\n<h5 style=\"text-align: justify;\"><span style=\"font-family: verdana, geneva; font-size: 8pt;\"><strong><img decoding=\"async\" loading=\"lazy\" class=\"alignleft\" src=\"https:\/\/isp60scc-sfe.infd.edu.ar\/sitio\/wp-content\/uploads\/2018\/06\/Jornada.jpg\" alt=\"III Jornada\" width=\"569\" height=\"320\" \/>\u00a0<\/strong><\/span><span id=\"m_8307686623202107904yui_3_16_0_ym19_1_1477677176283_10790\">El principal objetivo de esta Jornada fue plantear espacios abiertos y propuestas de trabajo en las cuales los estudiantes, e<\/span><span id=\"m_8307686623202107904yui_3_16_0_ym19_1_1477677176283_10791\">gresados y profesores intercambiaron, se implicaron y desplegaron una mayor actividad intelectual relacional; a partir de la circulaci\u00f3n de producciones originales donde se compartieron saberes, inquietudes, recursos, herramientas, experiencias, entre otras posibilidades. Esta propuesta favoreci\u00f3 la continua formaci\u00f3n a trav\u00e9s de saberes espec\u00edficos pero desde la conjunci\u00f3n de la mixtura disciplinar y las miradas m\u00faltiples.<\/span><\/h5>\n<h5>Puede acceder al Resumen de las <a href=\"https:\/\/isp60scc-sfe.infd.edu.ar\/sitio\/jornada-de-alfabetizacion\/\">Jornadas<\/a>.<\/h5>\n<h2><\/h2>\n<hr \/>\n<h2 style=\"text-align: center;\"><span style=\"color: #333399;\">Escuela Abierta (2014 &#8211; 2019)<\/span><\/h2>\n<h5 style=\"text-align: justify;\">Programa de formaci\u00f3n docente permanente vinculado a las propuestas que la Provincia de Santa Fe viene sosteniendo en los \u00faltimos a\u00f1os, buscando desarrollar nuevos conocimientos y capacidades, adem\u00e1s de convocar las ya presentes, para la acci\u00f3n transformadora que caracteriza todo proceso educativo.<br \/>\nEste programa es una iniciativa que recoge el anhelo de gran parte del colectivo docente, otorgando la oportunidad de una formaci\u00f3n situada y en contexto, de acceso gratuito, en horario laboral y que se propone transformar las pr\u00e1cticas educativas a partir de la revalorizaci\u00f3n del saber docente y del abordaje de las problem\u00e1ticas que d\u00eda a d\u00eda atraviesan las escuelas.<\/h5>\n<h2><\/h2>\n<hr \/>\n<h2 style=\"text-align: center;\"><span style=\"color: #333399;\">Otras propuestas&#8230;\u00a0<\/span><\/h2>\n<h3><strong>Jornada &#8211; Curso Taller Comunicaci\u00f3n Efectiva Oratoria y Asertividad<\/strong><\/h3>\n<h5 style=\"padding-left: 30px;\"><span style=\"font-size: 10pt; color: #000000;\"><span style=\"font-size: 12pt;\">\u00a0A cargo de profesora Ana In\u00e9s Rondina, destinada a docente y alumnos. <\/span><strong><em><br \/>\n<\/em><\/strong><\/span><\/h5>\n<h5 style=\"text-align: justify;\">La comunicaci\u00f3n hoy m\u00e1s que nunca parece habitarnos pero no se trata de un hacer sencillo. Pone en juego numerosas artistas de orden ling\u00fc\u00edstico, paraling\u00fc\u00edstico, cultural, ideol\u00f3gico, psicol\u00f3gico. Es por esto que ser\u00e1 necesario perfeccionar diversas habilidades que nos ayuden, no s\u00f3lo en nuestro labor docente sino en nuestras relaciones interpersonales de toda \u00edndole.<\/h5>\n<h2><\/h2>\n<h2><\/h2>\n","protected":false},"excerpt":{"rendered":"<p>\u201cRecuperaci\u00f3n de experiencias did\u00e1cticas y conocimientos cient\u00edficos para producir material did\u00e1ctico\u201d El nivel superior se caracteriza por la formaci\u00f3n de profesionales de la educaci\u00f3n brindando como oferta\u00a0educativa la formaci\u00f3n de profesores de los distintos niveles de educaci\u00f3n. La carrera docente no solo se\u00a0focaliza en la ense\u00f1anza sino que en el nivel superior puede orientarse a &#8230; <a title=\"Capacitaci\u00f3n\" class=\"read-more\" href=\"https:\/\/isp60scc-sfe.infd.edu.ar\/sitio\/capacitacion\/\" aria-label=\"More on Capacitaci\u00f3n\">[+]<\/a><\/p>\n","protected":false},"author":12,"featured_media":1259,"parent":0,"menu_order":0,"comment_status":"closed","ping_status":"closed","template":"","meta":[],"acf":[],"_links":{"self":[{"href":"https:\/\/isp60scc-sfe.infd.edu.ar\/sitio\/wp-json\/wp\/v2\/pages\/733"}],"collection":[{"href":"https:\/\/isp60scc-sfe.infd.edu.ar\/sitio\/wp-json\/wp\/v2\/pages"}],"about":[{"href":"https:\/\/isp60scc-sfe.infd.edu.ar\/sitio\/wp-json\/wp\/v2\/types\/page"}],"author":[{"embeddable":true,"href":"https:\/\/isp60scc-sfe.infd.edu.ar\/sitio\/wp-json\/wp\/v2\/users\/12"}],"replies":[{"embeddable":true,"href":"https:\/\/isp60scc-sfe.infd.edu.ar\/sitio\/wp-json\/wp\/v2\/comments?post=733"}],"version-history":[{"count":36,"href":"https:\/\/isp60scc-sfe.infd.edu.ar\/sitio\/wp-json\/wp\/v2\/pages\/733\/revisions"}],"predecessor-version":[{"id":6005,"href":"https:\/\/isp60scc-sfe.infd.edu.ar\/sitio\/wp-json\/wp\/v2\/pages\/733\/revisions\/6005"}],"wp:featuredmedia":[{"embeddable":true,"href":"https:\/\/isp60scc-sfe.infd.edu.ar\/sitio\/wp-json\/wp\/v2\/media\/1259"}],"wp:attachment":[{"href":"https:\/\/isp60scc-sfe.infd.edu.ar\/sitio\/wp-json\/wp\/v2\/media?parent=733"}],"curies":[{"name":"wp","href":"https:\/\/api.w.org\/{rel}","templated":true}]}}