{"id":750,"date":"2018-06-28T02:05:02","date_gmt":"2018-06-28T05:05:02","guid":{"rendered":"https:\/\/isp60scc-sfe.infd.edu.ar\/sitio\/profesorado-en-lengua-y-literatura\/"},"modified":"2021-07-01T11:17:52","modified_gmt":"2021-07-01T14:17:52","slug":"profesorado-en-lengua-y-literatura","status":"publish","type":"page","link":"https:\/\/isp60scc-sfe.infd.edu.ar\/sitio\/profesorado-en-lengua-y-literatura\/","title":{"rendered":"Plan Profesorado en Lengua y Literatura"},"content":{"rendered":"<h4><span style=\"color: #333399;\">Duraci\u00f3n<\/span>: 4 A\u00f1os<\/h4>\n<h5 style=\"text-align: justify;\">El Profesorado en Letras tiene como objetivo principal formar docentes\u00a0 competentes en el \u00e1rea\u00a0t\u00e9cnica, con s\u00f3lidos conocimientos pedag\u00f3gicos,\u00a0atentos a los cambios y transformaciones propios de nuestra\u00a0tarea cotidiana y comprometidos con la realidad sociocultural de nuestro pa\u00eds, con un perfil abierto a las necesidades de los otros en el mundo que nos toca transitar.<\/h5>\n<h5 style=\"text-align: justify;\">Nos preocupa una formaci\u00f3n integral e integrada que se cristaliza a partir de dos ejes vertebradores:<\/h5>\n<ul>\n<li>\n<h5 style=\"text-align: justify;\">la formaci\u00f3n pedag\u00f3gica que involucra la preparaci\u00f3n en la actividad de la ense\u00f1anza a trav\u00e9s del abordaje de las diferentes metodolog\u00edas que conforman el quehacer \u00e1ulico;<\/h5>\n<\/li>\n<li>\n<h5 style=\"text-align: justify;\">la formaci\u00f3n en Letras a partir de la cual se\u00a0busca insertar al alumno en el mundo de la literatura y el lenguaje en permanente contacto con otras disciplinas de las Ciencias Sociales y Humanas.<\/h5>\n<\/li>\n<\/ul>\n<h5 style=\"text-align: justify;\">En nuestro escenario de acci\u00f3n cada uno de nuestros alumnos son los protagonistas de este trabajo en equipo que llevamos a cabo junto con los\u00a0docentes, y en el cual tenemos como meta en com\u00fan la adquisici\u00f3n de las competencias necesarias para desarrollar con responsabilidad y eficiencia nuestra tarea.<\/h5>\n<h5 style=\"text-align: justify;\">Por esta finalidad es que construimos espacios de participaci\u00f3n en los que desarrollamos Proyectos Interdisciplinarios\u00a0con otras \u00c1reas y Carreras, Proyectos Comunitarios que permitan a nuestros estudiantes conocer y trabajar en\u00a0 instituciones con distintas realidades socioecon\u00f3micas brindando lo que saben hacer al servicio del que m\u00e1s lo necesita.<\/h5>\n<p>&nbsp;<\/p>\n<h3 style=\"color: #000080;\"><strong>Espacios curriculares por a\u00f1o<\/strong><\/h3>\n<pre style=\"text-align: center; padding-left: 0px;\"><strong><span style=\"color: #990000; font-family: Georgia, Arial; font-size: 120%;\">Primer A\u00f1o<\/span><\/strong><\/pre>\n<ul>\n<li style=\"font-weight: 400;\">\n<h4><span style=\"font-weight: 400;\">Pedagog\u00eda<\/span><\/h4>\n<\/li>\n<li style=\"font-weight: 400;\">\n<h4><span style=\"font-weight: 400;\">UCCV: Movimientos Art\u00edsticos y Proyectos Culturales\u00a0<\/span><\/h4>\n<\/li>\n<li style=\"font-weight: 400;\">\n<h4><span style=\"font-weight: 400;\">Lengua Espa\u00f1ola\u00a0<\/span><\/h4>\n<\/li>\n<li style=\"font-weight: 400;\">\n<h4><span style=\"font-weight: 400;\">Ling\u00fc\u00edstica General<\/span><\/h4>\n<\/li>\n<li style=\"font-weight: 400;\">\n<h4><span style=\"font-weight: 400;\">Itinerario Por La Literatura Argentina I\u00a0<\/span><\/h4>\n<\/li>\n<li style=\"font-weight: 400;\">\n<h4><span style=\"font-weight: 400;\">Literaturas Antiguas\u00a0<\/span><\/h4>\n<\/li>\n<li style=\"font-weight: 400;\">\n<h4><span style=\"font-weight: 400;\">Lecturas Cr\u00edticas\u00a0<\/span><\/h4>\n<\/li>\n<li style=\"font-weight: 400;\">\n<h4><span style=\"font-weight: 400;\">Producci\u00f3n Oral y Escrita\u00a0<\/span><\/h4>\n<\/li>\n<li style=\"font-weight: 400;\">\n<h4><span style=\"font-weight: 400;\">Pr\u00e1ctica Docente I: Escenarios Educativos\u00a0<\/span><\/h4>\n<\/li>\n<li style=\"font-weight: 400;\">\n<h4><span style=\"font-weight: 400;\">UDI<\/span><\/h4>\n<\/li>\n<\/ul>\n<p><strong><i>\u00a0<\/i><\/strong><\/p>\n<pre style=\"text-align: center; padding-left: 0px;\"><strong><span style=\"color: #990000; font-family: Georgia, Arial; font-size: 120%;\">Segundo A\u00f1o<\/span><\/strong><\/pre>\n<ul>\n<li style=\"font-weight: 400;\">\n<h4><span style=\"font-weight: 400;\">Instituciones Educativas<\/span><\/h4>\n<\/li>\n<li style=\"font-weight: 400;\">\n<h4><span style=\"font-weight: 400;\">Did\u00e1ctica y Curriculum\u00a0<\/span><\/h4>\n<\/li>\n<li style=\"font-weight: 400;\">\n<h4><span style=\"font-weight: 400;\">Psicolog\u00eda y Educaci\u00f3n\u00a0<\/span><\/h4>\n<\/li>\n<li style=\"font-weight: 400;\">\n<h4><span style=\"font-weight: 400;\">Lat\u00edn\u00a0<\/span><\/h4>\n<\/li>\n<li style=\"font-weight: 400;\">\n<h4><span style=\"font-weight: 400;\">Lengua Espa\u00f1ola\u00a0<\/span><\/h4>\n<\/li>\n<li style=\"font-weight: 400;\">\n<h4><span style=\"font-weight: 400;\">Ling\u00fc\u00edstica Del Texto\u00a0 y An\u00e1lisis Del Discurso I<\/span><\/h4>\n<\/li>\n<li style=\"font-weight: 400;\">\n<h4><span style=\"font-weight: 400;\">Itinerario por La Literatura Argentina II<\/span><\/h4>\n<\/li>\n<li style=\"font-weight: 400;\">\n<h4><span style=\"font-weight: 400;\">Literaturas Medievales y Renacentistas<\/span><\/h4>\n<\/li>\n<li style=\"font-weight: 400;\">\n<h4><span style=\"font-weight: 400;\">UCO<\/span><\/h4>\n<\/li>\n<li style=\"font-weight: 400;\">\n<h4><span style=\"font-weight: 400;\">Pr\u00e1ctica Docente II: La Instituci\u00f3n Escolar<\/span><\/h4>\n<\/li>\n<\/ul>\n<p>&nbsp;<\/p>\n<pre style=\"text-align: center; padding-left: 0px;\"><strong><span style=\"color: #990000; font-family: Georgia, Arial; font-size: 120%;\">Tercer A\u00f1o<\/span><\/strong><\/pre>\n<ul>\n<li style=\"font-weight: 400;\">\n<h4><span style=\"font-weight: 400;\">UCCV: Alfabetizaci\u00f3n<\/span><\/h4>\n<\/li>\n<li style=\"font-weight: 400;\">\n<h4><span style=\"font-weight: 400;\">Filosof\u00eda\u00a0<\/span><\/h4>\n<\/li>\n<li style=\"font-weight: 400;\">\n<h4><span style=\"font-weight: 400;\">Historia y Pol\u00edtica de La\u00a0 Educaci\u00f3n Argentina<\/span><\/h4>\n<\/li>\n<li style=\"font-weight: 400;\">\n<h4><span style=\"font-weight: 400;\">Sujetos de La Educaci\u00f3n Secundaria<\/span><\/h4>\n<\/li>\n<li style=\"font-weight: 400;\">\n<h4><span style=\"font-weight: 400;\">Ling\u00fc\u00edstica del Texto y An\u00e1lisis Del Discurso\u00a0<\/span><\/h4>\n<\/li>\n<li style=\"font-weight: 400;\">\n<h4><span style=\"font-weight: 400;\">Did\u00e1ctica de La Lengua y La Literatura I\u00a0<\/span><\/h4>\n<\/li>\n<li style=\"font-weight: 400;\">\n<h4><span style=\"font-weight: 400;\">Itinerario por La Literatura Latinoamericana I\u00a0<\/span><\/h4>\n<\/li>\n<li style=\"font-weight: 400;\">\n<h4><span style=\"font-weight: 400;\">Literaturas Modernas\u00a0<\/span><\/h4>\n<\/li>\n<li style=\"font-weight: 400;\">\n<h4><span style=\"font-weight: 400;\">Lecturas Cr\u00edticas II<\/span><\/h4>\n<\/li>\n<li style=\"font-weight: 400;\">\n<h4><span style=\"font-weight: 400;\">Pr\u00e1ctica Docente III: La\u00a0 Clase, Los Procesos del Aprender y del Ense\u00f1ar<\/span><\/h4>\n<\/li>\n<\/ul>\n<p>&nbsp;<\/p>\n<pre style=\"text-align: center; padding-left: 0px;\"><strong><span style=\"color: #990000; font-family: Georgia, Arial; font-size: 120%;\">Cuarto A\u00f1o<\/span><\/strong><\/pre>\n<ul>\n<li style=\"font-weight: 400;\">\n<h4><span style=\"font-weight: 400;\">\u00c9tica y Trabajo Docente\u00a0<\/span><\/h4>\n<\/li>\n<li style=\"font-weight: 400;\">\n<h4><span style=\"font-weight: 400;\">Educaci\u00f3n Sexual Integral (ESI)\u00a0<\/span><\/h4>\n<\/li>\n<li style=\"font-weight: 400;\">\n<h4><span style=\"font-weight: 400;\">Metodolog\u00eda y Pr\u00e1cticas De Investigaci\u00f3n<\/span><\/h4>\n<\/li>\n<li style=\"font-weight: 400;\">\n<h4><span style=\"font-weight: 400;\">Modelos Te\u00f3ricos Ling\u00fc\u00edsticos<\/span><\/h4>\n<\/li>\n<li style=\"font-weight: 400;\">\n<h4><span style=\"font-weight: 400;\">Semi\u00f3tica\u00a0<\/span><\/h4>\n<\/li>\n<li style=\"font-weight: 400;\">\n<h4><span style=\"font-weight: 400;\">Cambio y Variedades Ling\u00fc\u00edsticas\u00a0<\/span><\/h4>\n<\/li>\n<li style=\"font-weight: 400;\">\n<h4><span style=\"font-weight: 400;\">Did\u00e1ctica De La Lengua\u00a0 y La Literatura II\u00a0<\/span><\/h4>\n<\/li>\n<li style=\"font-weight: 400;\">\n<h4><span style=\"font-weight: 400;\">Itinerario Por La Literatura Latinoamericana II\u00a0<\/span><\/h4>\n<\/li>\n<li style=\"font-weight: 400;\">\n<h4><span style=\"font-weight: 400;\">Literaturas Contempor\u00e1neas\u00a0<\/span><\/h4>\n<\/li>\n<li style=\"font-weight: 400;\">\n<h4><span style=\"font-weight: 400;\">Practica Docente IV: Residencia: El Rol Docente y su Pr\u00e1ctica<\/span><\/h4>\n<\/li>\n<\/ul>\n<p>&nbsp;<\/p>\n<pre style=\"text-align: center; padding-left: 0px;\"><strong>Para m\u00e1s Informaci\u00f3n<\/strong> consulte el: <a href=\"https:\/\/drive.google.com\/file\/d\/1L6A-LY7_0QKOJrqtd5Fh0Eb01i-1Fda7\/view?usp=sharing\">Dise\u00f1o Curricular<\/a><\/pre>\n","protected":false},"excerpt":{"rendered":"<p>Duraci\u00f3n: 4 A\u00f1os El Profesorado en Letras tiene como objetivo principal formar docentes\u00a0 competentes en el \u00e1rea\u00a0t\u00e9cnica, con s\u00f3lidos conocimientos pedag\u00f3gicos,\u00a0atentos a los cambios y transformaciones propios de nuestra\u00a0tarea cotidiana y comprometidos con la realidad sociocultural de nuestro pa\u00eds, con un perfil abierto a las necesidades de los otros en el mundo que nos toca &#8230; <a title=\"Plan Profesorado en Lengua y Literatura\" class=\"read-more\" href=\"https:\/\/isp60scc-sfe.infd.edu.ar\/sitio\/profesorado-en-lengua-y-literatura\/\" aria-label=\"More on Plan Profesorado en Lengua y Literatura\">[+]<\/a><\/p>\n","protected":false},"author":12,"featured_media":1276,"parent":0,"menu_order":0,"comment_status":"closed","ping_status":"closed","template":"","meta":[],"acf":[],"_links":{"self":[{"href":"https:\/\/isp60scc-sfe.infd.edu.ar\/sitio\/wp-json\/wp\/v2\/pages\/750"}],"collection":[{"href":"https:\/\/isp60scc-sfe.infd.edu.ar\/sitio\/wp-json\/wp\/v2\/pages"}],"about":[{"href":"https:\/\/isp60scc-sfe.infd.edu.ar\/sitio\/wp-json\/wp\/v2\/types\/page"}],"author":[{"embeddable":true,"href":"https:\/\/isp60scc-sfe.infd.edu.ar\/sitio\/wp-json\/wp\/v2\/users\/12"}],"replies":[{"embeddable":true,"href":"https:\/\/isp60scc-sfe.infd.edu.ar\/sitio\/wp-json\/wp\/v2\/comments?post=750"}],"version-history":[{"count":13,"href":"https:\/\/isp60scc-sfe.infd.edu.ar\/sitio\/wp-json\/wp\/v2\/pages\/750\/revisions"}],"predecessor-version":[{"id":2705,"href":"https:\/\/isp60scc-sfe.infd.edu.ar\/sitio\/wp-json\/wp\/v2\/pages\/750\/revisions\/2705"}],"wp:featuredmedia":[{"embeddable":true,"href":"https:\/\/isp60scc-sfe.infd.edu.ar\/sitio\/wp-json\/wp\/v2\/media\/1276"}],"wp:attachment":[{"href":"https:\/\/isp60scc-sfe.infd.edu.ar\/sitio\/wp-json\/wp\/v2\/media?parent=750"}],"curies":[{"name":"wp","href":"https:\/\/api.w.org\/{rel}","templated":true}]}}